{"id":213,"date":"2025-11-12T08:00:17","date_gmt":"2025-11-12T07:00:17","guid":{"rendered":"https:\/\/www.kulturfuchs.at\/maerchenerzaehler\/?page_id=213"},"modified":"2025-11-12T11:20:14","modified_gmt":"2025-11-12T10:20:14","slug":"home-2","status":"publish","type":"page","link":"https:\/\/www.kulturfuchs.at\/maerchenerzaehler\/","title":{"rendered":"Home"},"content":{"rendered":"\t\t<div data-elementor-type=\"wp-page\" data-elementor-id=\"213\" class=\"elementor elementor-213\">\n\t\t\t\t<div class=\"elementor-element elementor-element-93a966b e-flex e-con-boxed e-con e-parent\" data-id=\"93a966b\" data-element_type=\"container\" data-settings=\"{&quot;background_background&quot;:&quot;classic&quot;}\">\n\t\t\t\t\t<div class=\"e-con-inner\">\n\t\t<div class=\"elementor-element elementor-element-018abcf e-con-full e-flex e-con e-child\" data-id=\"018abcf\" data-element_type=\"container\">\n\t\t\t\t<div class=\"elementor-element elementor-element-e3cf46e elementor-widget elementor-widget-heading\" data-id=\"e3cf46e\" data-element_type=\"widget\" data-widget_type=\"heading.default\">\n\t\t\t\t<div class=\"elementor-widget-container\">\n\t\t\t\t\t<h2 class=\"elementor-heading-title elementor-size-default\">Es war einmal ... und es ist noch heute...<\/h2>\t\t\t\t<\/div>\n\t\t\t\t<\/div>\n\t\t\t\t<div class=\"elementor-element elementor-element-280a15b elementor-widget elementor-widget-hfe-infocard\" data-id=\"280a15b\" data-element_type=\"widget\" data-widget_type=\"hfe-infocard.default\">\n\t\t\t\t<div class=\"elementor-widget-container\">\n\t\t\t\t\t\n\t\t<div class=\"hfe-infocard\">\n\t\t\t\t\t\t\t\t\t<div class=\"hfe-infocard-title-wrap\">\n\t\t\t\t<h1 class=\"hfe-infocard-title elementor-inline-editing\" data-elementor-setting-key=\"infocard_title\" data-elementor-inline-editing-toolbar=\"basic\" >m\u00e4rchenerz\u00e4hler <br> Albin<\/h1>\t\t\t<\/div>\n\t\t\t\t\t\t<div class=\"hfe-infocard-text-wrap\">\n\t\t\t\t<div class=\"hfe-infocard-text elementor-inline-editing\" data-elementor-setting-key=\"infocard_description\" data-elementor-inline-editing-toolbar=\"advanced\">\n\t\t\t\t\t<p>Heilsame M\u00e4rchen und Erz\u00e4hlkunst vom KulturFuchs Albin <\/p>\t\t\t\t<\/div>\n\t\t\t\t\t\t\t<\/div>\n\t\t<\/div>\n\n\t\t\t\t\t\t<\/div>\n\t\t\t\t<\/div>\n\t\t<div class=\"elementor-element elementor-element-4b31cda e-con-full e-flex e-con e-child\" data-id=\"4b31cda\" data-element_type=\"container\">\n\t\t<div class=\"elementor-element elementor-element-ff6a699 e-con-full e-flex e-con e-child\" data-id=\"ff6a699\" data-element_type=\"container\">\n\t\t\t\t<div class=\"elementor-element elementor-element-d5b442c elementor-align-center elementor-mobile-align-center elementor-widget elementor-widget-button\" data-id=\"d5b442c\" data-element_type=\"widget\" data-widget_type=\"button.default\">\n\t\t\t\t<div class=\"elementor-widget-container\">\n\t\t\t\t\t\t\t\t\t<div class=\"elementor-button-wrapper\">\n\t\t\t\t\t<a class=\"elementor-button elementor-button-link elementor-size-lg\" href=\"https:\/\/www.kulturfuchs.at\/maerchenerzaehler\/angebote\/\">\n\t\t\t\t\t\t<span class=\"elementor-button-content-wrapper\">\n\t\t\t\t\t\t\t\t\t<span class=\"elementor-button-text\">Angebote<\/span>\n\t\t\t\t\t<\/span>\n\t\t\t\t\t<\/a>\n\t\t\t\t<\/div>\n\t\t\t\t\t\t\t\t<\/div>\n\t\t\t\t<\/div>\n\t\t\t\t<\/div>\n\t\t<div class=\"elementor-element elementor-element-1287f27 e-con-full e-flex e-con e-child\" data-id=\"1287f27\" data-element_type=\"container\">\n\t\t\t\t<div class=\"elementor-element elementor-element-fb6dd67 elementor-align-center elementor-mobile-align-center elementor-widget elementor-widget-button\" data-id=\"fb6dd67\" data-element_type=\"widget\" data-widget_type=\"button.default\">\n\t\t\t\t<div class=\"elementor-widget-container\">\n\t\t\t\t\t\t\t\t\t<div class=\"elementor-button-wrapper\">\n\t\t\t\t\t<a class=\"elementor-button elementor-button-link elementor-size-lg\" href=\"https:\/\/www.kulturfuchs.at\/aboutme\/\">\n\t\t\t\t\t\t<span class=\"elementor-button-content-wrapper\">\n\t\t\t\t\t\t\t\t\t<span class=\"elementor-button-text\">\u00dcber mich<\/span>\n\t\t\t\t\t<\/span>\n\t\t\t\t\t<\/a>\n\t\t\t\t<\/div>\n\t\t\t\t\t\t\t\t<\/div>\n\t\t\t\t<\/div>\n\t\t\t\t<\/div>\n\t\t\t\t<\/div>\n\t\t\t\t<\/div>\n\t\t\t\t\t<\/div>\n\t\t\t\t<\/div>\n\t\t<div class=\"elementor-element elementor-element-7ce0046 e-flex e-con-boxed e-con e-parent\" data-id=\"7ce0046\" data-element_type=\"container\" data-settings=\"{&quot;background_background&quot;:&quot;classic&quot;}\">\n\t\t\t\t\t<div class=\"e-con-inner\">\n\t\t<div class=\"elementor-element elementor-element-6eaedaf e-con-full e-flex e-con e-child\" data-id=\"6eaedaf\" data-element_type=\"container\" data-settings=\"{&quot;background_background&quot;:&quot;classic&quot;}\">\n\t\t\t\t<div class=\"elementor-element elementor-element-9160df0 elementor-widget elementor-widget-heading\" data-id=\"9160df0\" data-element_type=\"widget\" data-widget_type=\"heading.default\">\n\t\t\t\t<div class=\"elementor-widget-container\">\n\t\t\t\t\t<h2 class=\"elementor-heading-title elementor-size-default\"><a href=\"https:\/\/www.kulturfuchs.at\/maerchenerzaehler\/angebote\/\">Heilsame M\u00e4rchen<\/a><\/h2>\t\t\t\t<\/div>\n\t\t\t\t<\/div>\n\t\t\t\t<\/div>\n\t\t<div class=\"elementor-element elementor-element-0a492be e-con-full e-flex e-con e-child\" data-id=\"0a492be\" data-element_type=\"container\" data-settings=\"{&quot;background_background&quot;:&quot;classic&quot;}\">\n\t\t\t\t<div class=\"elementor-element elementor-element-4613dbb elementor-widget elementor-widget-heading\" data-id=\"4613dbb\" data-element_type=\"widget\" data-widget_type=\"heading.default\">\n\t\t\t\t<div class=\"elementor-widget-container\">\n\t\t\t\t\t<h2 class=\"elementor-heading-title elementor-size-default\"><a href=\"https:\/\/www.kulturfuchs.at\/maerchenerzaehler\/angebote\/\">Nachtw\u00e4chter's<br>Sagen und Legenden<br>Abende<\/a><\/h2>\t\t\t\t<\/div>\n\t\t\t\t<\/div>\n\t\t\t\t<\/div>\n\t\t<div class=\"elementor-element elementor-element-bd9d8f3 e-con-full e-flex e-con e-child\" data-id=\"bd9d8f3\" data-element_type=\"container\" data-settings=\"{&quot;background_background&quot;:&quot;classic&quot;}\">\n\t\t\t\t<div class=\"elementor-element elementor-element-fd60125 elementor-widget elementor-widget-heading\" data-id=\"fd60125\" data-element_type=\"widget\" data-widget_type=\"heading.default\">\n\t\t\t\t<div class=\"elementor-widget-container\">\n\t\t\t\t\t<h2 class=\"elementor-heading-title elementor-size-default\"><a href=\"https:\/\/www.kulturfuchs.at\/maerchenerzaehler\/angebote\/\">Zweisprachige\nGeschichten\n<br> ab Sommer 26<\/a><\/h2>\t\t\t\t<\/div>\n\t\t\t\t<\/div>\n\t\t\t\t<\/div>\n\t\t\t\t\t<\/div>\n\t\t\t\t<\/div>\n\t\t<div class=\"elementor-element elementor-element-adf2e66 e-flex e-con-boxed e-con e-parent\" data-id=\"adf2e66\" data-element_type=\"container\" data-settings=\"{&quot;background_background&quot;:&quot;classic&quot;}\">\n\t\t\t\t\t<div class=\"e-con-inner\">\n\t\t<div class=\"elementor-element elementor-element-1484cea e-con-full e-flex e-con e-child\" data-id=\"1484cea\" data-element_type=\"container\">\n\t\t\t\t<div class=\"elementor-element elementor-element-dfaa4ac elementor-widget elementor-widget-heading\" data-id=\"dfaa4ac\" data-element_type=\"widget\" data-widget_type=\"heading.default\">\n\t\t\t\t<div class=\"elementor-widget-container\">\n\t\t\t\t\t<h2 class=\"elementor-heading-title elementor-size-default\">\"Die Weisheit der M\u00e4rchen \u2013 Tiefer h\u00f6ren, Neues verstehen.\"<\/h2>\t\t\t\t<\/div>\n\t\t\t\t<\/div>\n\t\t\t\t<\/div>\n\t\t<div class=\"elementor-element elementor-element-9e967ca e-con-full e-flex e-con e-child\" data-id=\"9e967ca\" data-element_type=\"container\">\n\t\t\t\t<div class=\"elementor-element elementor-element-e15f0d4 elementor-widget elementor-widget-text-editor\" data-id=\"e15f0d4\" data-element_type=\"widget\" data-widget_type=\"text-editor.default\">\n\t\t\t\t<div class=\"elementor-widget-container\">\n\t\t\t\t\t\t\t\t\t<p>Ich erz\u00e4hle alte Volksm\u00e4rchen aus aller Welt \u2013 Geschichten, die seit Jahrhunderten durch M\u00fcndlichkeit weitergegeben werden.<br data-start=\"1037\" data-end=\"1040\">In meinen Erz\u00e4hlungen geht es um das Wunderbare, das Vertraute und das Heilsame.<br data-start=\"1120\" data-end=\"1123\">Ich lade euch ein, zuzuh\u00f6ren, zu sp\u00fcren und sich ber\u00fchren zu lassen.<\/p>\t\t\t\t\t\t\t\t<\/div>\n\t\t\t\t<\/div>\n\t\t\t\t<div class=\"elementor-element elementor-element-21bca4b elementor-widget elementor-widget-text-editor\" data-id=\"21bca4b\" data-element_type=\"widget\" data-widget_type=\"text-editor.default\">\n\t\t\t\t<div class=\"elementor-widget-container\">\n\t\t\t\t\t\t\t\t\t<p>Die alten M\u00e4rchen, Sagen und Legenden haben f\u00fcr uns zeitlose Botschaften\u00a0 und helfen uns diese f\u00fcr das moderne Leben zu entschl\u00fcsseln.<\/p>\t\t\t\t\t\t\t\t<\/div>\n\t\t\t\t<\/div>\n\t\t\t\t<div class=\"elementor-element elementor-element-77398d6 elementor-tablet-align-center elementor-widget elementor-widget-button\" data-id=\"77398d6\" data-element_type=\"widget\" data-widget_type=\"button.default\">\n\t\t\t\t<div class=\"elementor-widget-container\">\n\t\t\t\t\t\t\t\t\t<div class=\"elementor-button-wrapper\">\n\t\t\t\t\t<a class=\"elementor-button elementor-button-link elementor-size-sm\" href=\"https:\/\/www.kulturfuchs.at\/maerchenerzaehler\/kontakt\/\">\n\t\t\t\t\t\t<span class=\"elementor-button-content-wrapper\">\n\t\t\t\t\t\t\t\t\t<span class=\"elementor-button-text\">Buche jetzt deine M\u00e4rchenreise<\/span>\n\t\t\t\t\t<\/span>\n\t\t\t\t\t<\/a>\n\t\t\t\t<\/div>\n\t\t\t\t\t\t\t\t<\/div>\n\t\t\t\t<\/div>\n\t\t\t\t<\/div>\n\t\t\t\t\t<\/div>\n\t\t\t\t<\/div>\n\t\t<div class=\"elementor-element elementor-element-d970c71 e-flex e-con-boxed e-con e-parent\" data-id=\"d970c71\" data-element_type=\"container\" data-settings=\"{&quot;background_background&quot;:&quot;classic&quot;}\">\n\t\t\t\t\t<div class=\"e-con-inner\">\n\t\t<div class=\"elementor-element elementor-element-a5be9c4 e-con-full e-flex e-con e-child\" data-id=\"a5be9c4\" data-element_type=\"container\">\n\t\t\t\t<div class=\"elementor-element elementor-element-665ab9e elementor-widget elementor-widget-hfe-infocard\" data-id=\"665ab9e\" data-element_type=\"widget\" data-widget_type=\"hfe-infocard.default\">\n\t\t\t\t<div class=\"elementor-widget-container\">\n\t\t\t\t\t\n\t\t<div class=\"hfe-infocard\">\n\t\t\t\t\t\t\t\t\t<div class=\"hfe-infocard-title-wrap\">\n\t\t\t\t<h2 class=\"hfe-infocard-title elementor-inline-editing\" data-elementor-setting-key=\"infocard_title\" data-elementor-inline-editing-toolbar=\"basic\" >Starte deine M\u00e4rchenreise<\/h2>\t\t\t<\/div>\n\t\t\t\t\t\t<div class=\"hfe-infocard-text-wrap\">\n\t\t\t\t<div class=\"hfe-infocard-text elementor-inline-editing\" data-elementor-setting-key=\"infocard_description\" data-elementor-inline-editing-toolbar=\"advanced\">\n\t\t\t\t\tIch bin Albin,  M\u00e4rchenerz\u00e4hler mit Herz und Seele.\nSeit vielen Jahren sammle und erz\u00e4hle ich Volksm\u00e4rchen aus aller Welt \u2013 Geschichten aus Nordeuropa, Rum\u00e4nien, Ungarn, dem Balkan und weit dar\u00fcber hinaus.\n<br><br>\nMeine Erz\u00e4hlweise ist lebendig, authentisch und tiefgr\u00fcndig. Ich verstehe M\u00e4rchen nicht nur als Unterhaltung, sondern als Spiegel innerer Prozesse und als Werkzeug f\u00fcr Heilung und Verbindung.\n<br><br>\nIn meinem Erz\u00e4hlen verwebe ich Worte, Stille und Musik zu einem Raum, in dem das Unbewusste mitschwingt.\t\t\t\t<\/div>\n\t\t\t\t\t\t\t<\/div>\n\t\t<\/div>\n\n\t\t\t\t\t\t<\/div>\n\t\t\t\t<\/div>\n\t\t\t\t<div class=\"elementor-element elementor-element-7698d76 elementor-align-center elementor-widget elementor-widget-button\" data-id=\"7698d76\" data-element_type=\"widget\" data-widget_type=\"button.default\">\n\t\t\t\t<div class=\"elementor-widget-container\">\n\t\t\t\t\t\t\t\t\t<div class=\"elementor-button-wrapper\">\n\t\t\t\t\t<a class=\"elementor-button elementor-button-link elementor-size-lg\" href=\"#\">\n\t\t\t\t\t\t<span class=\"elementor-button-content-wrapper\">\n\t\t\t\t\t\t\t\t\t<span class=\"elementor-button-text\">Zur Anfrage<\/span>\n\t\t\t\t\t<\/span>\n\t\t\t\t\t<\/a>\n\t\t\t\t<\/div>\n\t\t\t\t\t\t\t\t<\/div>\n\t\t\t\t<\/div>\n\t\t\t\t<\/div>\n\t\t\t\t\t<\/div>\n\t\t\t\t<\/div>\n\t\t<div class=\"elementor-element elementor-element-76e33b2 e-flex e-con-boxed e-con e-parent\" data-id=\"76e33b2\" data-element_type=\"container\" data-settings=\"{&quot;background_background&quot;:&quot;classic&quot;}\">\n\t\t\t\t\t<div class=\"e-con-inner\">\n\t\t<div class=\"elementor-element elementor-element-816824f e-con-full e-flex e-con e-child\" data-id=\"816824f\" data-element_type=\"container\">\n\t\t\t\t<div class=\"elementor-element elementor-element-44ac736 gallery-spacing-custom elementor-widget elementor-widget-image-gallery\" data-id=\"44ac736\" data-element_type=\"widget\" data-settings=\"{&quot;_animation&quot;:&quot;none&quot;}\" data-widget_type=\"image-gallery.default\">\n\t\t\t\t<div class=\"elementor-widget-container\">\n\t\t\t\t\t\t\t<div class=\"elementor-image-gallery\">\n\t\t\t<div id='gallery-1' class='gallery galleryid-213 gallery-columns-3 gallery-size-medium_large'><figure class='gallery-item'>\n\t\t\t<div class='gallery-icon landscape'>\n\t\t\t\t<a data-elementor-open-lightbox=\"yes\" data-elementor-lightbox-slideshow=\"44ac736\" data-elementor-lightbox-title=\"snowy-mountain-1287145.jpg\" data-e-action-hash=\"#elementor-action%3Aaction%3Dlightbox%26settings%3DeyJpZCI6MTI3NCwidXJsIjoiaHR0cHM6XC9cL3d3dy5rdWx0dXJmdWNocy5hdFwvbWFlcmNoZW5lcnphZWhsZXJcL3dwLWNvbnRlbnRcL3VwbG9hZHNcLzIwMjVcLzExXC9zbm93eS1tb3VudGFpbi0xMjg3MTQ1LmpwZyIsInNsaWRlc2hvdyI6IjQ0YWM3MzYifQ%3D%3D\" href='https:\/\/www.kulturfuchs.at\/maerchenerzaehler\/wp-content\/uploads\/2025\/11\/snowy-mountain-1287145.jpg'><img fetchpriority=\"high\" decoding=\"async\" width=\"768\" height=\"512\" src=\"https:\/\/www.kulturfuchs.at\/maerchenerzaehler\/wp-content\/uploads\/2025\/11\/snowy-mountain-1287145-768x512.jpg\" class=\"attachment-medium_large size-medium_large\" alt=\"\" srcset=\"https:\/\/www.kulturfuchs.at\/maerchenerzaehler\/wp-content\/uploads\/2025\/11\/snowy-mountain-1287145-768x512.jpg 768w, https:\/\/www.kulturfuchs.at\/maerchenerzaehler\/wp-content\/uploads\/2025\/11\/snowy-mountain-1287145-300x200.jpg 300w, https:\/\/www.kulturfuchs.at\/maerchenerzaehler\/wp-content\/uploads\/2025\/11\/snowy-mountain-1287145-1024x682.jpg 1024w, https:\/\/www.kulturfuchs.at\/maerchenerzaehler\/wp-content\/uploads\/2025\/11\/snowy-mountain-1287145.jpg 1280w\" sizes=\"(max-width: 768px) 100vw, 768px\" \/><\/a>\n\t\t\t<\/div><\/figure><figure class='gallery-item'>\n\t\t\t<div class='gallery-icon landscape'>\n\t\t\t\t<a data-elementor-open-lightbox=\"yes\" data-elementor-lightbox-slideshow=\"44ac736\" data-elementor-lightbox-title=\"green-leafed-trees-during-fog-time-167684.jpg\" data-e-action-hash=\"#elementor-action%3Aaction%3Dlightbox%26settings%3DeyJpZCI6MTI3MywidXJsIjoiaHR0cHM6XC9cL3d3dy5rdWx0dXJmdWNocy5hdFwvbWFlcmNoZW5lcnphZWhsZXJcL3dwLWNvbnRlbnRcL3VwbG9hZHNcLzIwMjVcLzExXC9ncmVlbi1sZWFmZWQtdHJlZXMtZHVyaW5nLWZvZy10aW1lLTE2NzY4NC5qcGciLCJzbGlkZXNob3ciOiI0NGFjNzM2In0%3D\" href='https:\/\/www.kulturfuchs.at\/maerchenerzaehler\/wp-content\/uploads\/2025\/11\/green-leafed-trees-during-fog-time-167684.jpg'><img decoding=\"async\" width=\"768\" height=\"512\" src=\"https:\/\/www.kulturfuchs.at\/maerchenerzaehler\/wp-content\/uploads\/2025\/11\/green-leafed-trees-during-fog-time-167684-768x512.jpg\" class=\"attachment-medium_large size-medium_large\" alt=\"\" srcset=\"https:\/\/www.kulturfuchs.at\/maerchenerzaehler\/wp-content\/uploads\/2025\/11\/green-leafed-trees-during-fog-time-167684-768x512.jpg 768w, https:\/\/www.kulturfuchs.at\/maerchenerzaehler\/wp-content\/uploads\/2025\/11\/green-leafed-trees-during-fog-time-167684-300x200.jpg 300w, https:\/\/www.kulturfuchs.at\/maerchenerzaehler\/wp-content\/uploads\/2025\/11\/green-leafed-trees-during-fog-time-167684-1024x682.jpg 1024w, https:\/\/www.kulturfuchs.at\/maerchenerzaehler\/wp-content\/uploads\/2025\/11\/green-leafed-trees-during-fog-time-167684.jpg 1280w\" sizes=\"(max-width: 768px) 100vw, 768px\" \/><\/a>\n\t\t\t<\/div><\/figure><figure class='gallery-item'>\n\t\t\t<div class='gallery-icon landscape'>\n\t\t\t\t<a data-elementor-open-lightbox=\"yes\" data-elementor-lightbox-slideshow=\"44ac736\" data-elementor-lightbox-title=\"green-grass-field-and-mountain-1034887.jpg\" data-e-action-hash=\"#elementor-action%3Aaction%3Dlightbox%26settings%3DeyJpZCI6MTI3NywidXJsIjoiaHR0cHM6XC9cL3d3dy5rdWx0dXJmdWNocy5hdFwvbWFlcmNoZW5lcnphZWhsZXJcL3dwLWNvbnRlbnRcL3VwbG9hZHNcLzIwMjVcLzExXC9ncmVlbi1ncmFzcy1maWVsZC1hbmQtbW91bnRhaW4tMTAzNDg4Ny5qcGciLCJzbGlkZXNob3ciOiI0NGFjNzM2In0%3D\" href='https:\/\/www.kulturfuchs.at\/maerchenerzaehler\/wp-content\/uploads\/2025\/11\/green-grass-field-and-mountain-1034887.jpg'><img decoding=\"async\" width=\"768\" height=\"508\" src=\"https:\/\/www.kulturfuchs.at\/maerchenerzaehler\/wp-content\/uploads\/2025\/11\/green-grass-field-and-mountain-1034887-768x508.jpg\" class=\"attachment-medium_large size-medium_large\" alt=\"\" srcset=\"https:\/\/www.kulturfuchs.at\/maerchenerzaehler\/wp-content\/uploads\/2025\/11\/green-grass-field-and-mountain-1034887-768x508.jpg 768w, https:\/\/www.kulturfuchs.at\/maerchenerzaehler\/wp-content\/uploads\/2025\/11\/green-grass-field-and-mountain-1034887-300x199.jpg 300w, https:\/\/www.kulturfuchs.at\/maerchenerzaehler\/wp-content\/uploads\/2025\/11\/green-grass-field-and-mountain-1034887-1024x678.jpg 1024w, https:\/\/www.kulturfuchs.at\/maerchenerzaehler\/wp-content\/uploads\/2025\/11\/green-grass-field-and-mountain-1034887.jpg 1280w\" sizes=\"(max-width: 768px) 100vw, 768px\" \/><\/a>\n\t\t\t<\/div><\/figure><figure class='gallery-item'>\n\t\t\t<div class='gallery-icon landscape'>\n\t\t\t\t<a data-elementor-open-lightbox=\"yes\" data-elementor-lightbox-slideshow=\"44ac736\" data-elementor-lightbox-title=\"bird-s-eye-view-photography-of-green-forest-1208379.jpg\" data-e-action-hash=\"#elementor-action%3Aaction%3Dlightbox%26settings%3DeyJpZCI6MTI3OCwidXJsIjoiaHR0cHM6XC9cL3d3dy5rdWx0dXJmdWNocy5hdFwvbWFlcmNoZW5lcnphZWhsZXJcL3dwLWNvbnRlbnRcL3VwbG9hZHNcLzIwMjVcLzExXC9iaXJkLXMtZXllLXZpZXctcGhvdG9ncmFwaHktb2YtZ3JlZW4tZm9yZXN0LTEyMDgzNzkuanBnIiwic2xpZGVzaG93IjoiNDRhYzczNiJ9\" href='https:\/\/www.kulturfuchs.at\/maerchenerzaehler\/wp-content\/uploads\/2025\/11\/bird-s-eye-view-photography-of-green-forest-1208379.jpg'><img loading=\"lazy\" decoding=\"async\" width=\"768\" height=\"512\" src=\"https:\/\/www.kulturfuchs.at\/maerchenerzaehler\/wp-content\/uploads\/2025\/11\/bird-s-eye-view-photography-of-green-forest-1208379-768x512.jpg\" class=\"attachment-medium_large size-medium_large\" alt=\"\" srcset=\"https:\/\/www.kulturfuchs.at\/maerchenerzaehler\/wp-content\/uploads\/2025\/11\/bird-s-eye-view-photography-of-green-forest-1208379-768x512.jpg 768w, https:\/\/www.kulturfuchs.at\/maerchenerzaehler\/wp-content\/uploads\/2025\/11\/bird-s-eye-view-photography-of-green-forest-1208379-300x200.jpg 300w, https:\/\/www.kulturfuchs.at\/maerchenerzaehler\/wp-content\/uploads\/2025\/11\/bird-s-eye-view-photography-of-green-forest-1208379-1024x682.jpg 1024w, https:\/\/www.kulturfuchs.at\/maerchenerzaehler\/wp-content\/uploads\/2025\/11\/bird-s-eye-view-photography-of-green-forest-1208379.jpg 1280w\" sizes=\"(max-width: 768px) 100vw, 768px\" \/><\/a>\n\t\t\t<\/div><\/figure><figure class='gallery-item'>\n\t\t\t<div class='gallery-icon landscape'>\n\t\t\t\t<a data-elementor-open-lightbox=\"yes\" data-elementor-lightbox-slideshow=\"44ac736\" data-elementor-lightbox-title=\"photo-of-people-standing-on-top-of-mountain-near-grasses-733162.jpg\" data-e-action-hash=\"#elementor-action%3Aaction%3Dlightbox%26settings%3DeyJpZCI6MTI3NSwidXJsIjoiaHR0cHM6XC9cL3d3dy5rdWx0dXJmdWNocy5hdFwvbWFlcmNoZW5lcnphZWhsZXJcL3dwLWNvbnRlbnRcL3VwbG9hZHNcLzIwMjVcLzExXC9waG90by1vZi1wZW9wbGUtc3RhbmRpbmctb24tdG9wLW9mLW1vdW50YWluLW5lYXItZ3Jhc3Nlcy03MzMxNjIuanBnIiwic2xpZGVzaG93IjoiNDRhYzczNiJ9\" href='https:\/\/www.kulturfuchs.at\/maerchenerzaehler\/wp-content\/uploads\/2025\/11\/photo-of-people-standing-on-top-of-mountain-near-grasses-733162.jpg'><img loading=\"lazy\" decoding=\"async\" width=\"768\" height=\"512\" src=\"https:\/\/www.kulturfuchs.at\/maerchenerzaehler\/wp-content\/uploads\/2025\/11\/photo-of-people-standing-on-top-of-mountain-near-grasses-733162-768x512.jpg\" class=\"attachment-medium_large size-medium_large\" alt=\"\" srcset=\"https:\/\/www.kulturfuchs.at\/maerchenerzaehler\/wp-content\/uploads\/2025\/11\/photo-of-people-standing-on-top-of-mountain-near-grasses-733162-768x512.jpg 768w, https:\/\/www.kulturfuchs.at\/maerchenerzaehler\/wp-content\/uploads\/2025\/11\/photo-of-people-standing-on-top-of-mountain-near-grasses-733162-300x200.jpg 300w, https:\/\/www.kulturfuchs.at\/maerchenerzaehler\/wp-content\/uploads\/2025\/11\/photo-of-people-standing-on-top-of-mountain-near-grasses-733162-1024x682.jpg 1024w, https:\/\/www.kulturfuchs.at\/maerchenerzaehler\/wp-content\/uploads\/2025\/11\/photo-of-people-standing-on-top-of-mountain-near-grasses-733162.jpg 1280w\" sizes=\"(max-width: 768px) 100vw, 768px\" \/><\/a>\n\t\t\t<\/div><\/figure><figure class='gallery-item'>\n\t\t\t<div class='gallery-icon landscape'>\n\t\t\t\t<a data-elementor-open-lightbox=\"yes\" data-elementor-lightbox-slideshow=\"44ac736\" data-elementor-lightbox-title=\"mountain-and-lake-at-sunset-135157.jpg\" data-e-action-hash=\"#elementor-action%3Aaction%3Dlightbox%26settings%3DeyJpZCI6MTI3OSwidXJsIjoiaHR0cHM6XC9cL3d3dy5rdWx0dXJmdWNocy5hdFwvbWFlcmNoZW5lcnphZWhsZXJcL3dwLWNvbnRlbnRcL3VwbG9hZHNcLzIwMjVcLzExXC9tb3VudGFpbi1hbmQtbGFrZS1hdC1zdW5zZXQtMTM1MTU3LmpwZyIsInNsaWRlc2hvdyI6IjQ0YWM3MzYifQ%3D%3D\" href='https:\/\/www.kulturfuchs.at\/maerchenerzaehler\/wp-content\/uploads\/2025\/11\/mountain-and-lake-at-sunset-135157.jpg'><img loading=\"lazy\" decoding=\"async\" width=\"768\" height=\"512\" src=\"https:\/\/www.kulturfuchs.at\/maerchenerzaehler\/wp-content\/uploads\/2025\/11\/mountain-and-lake-at-sunset-135157-768x512.jpg\" class=\"attachment-medium_large size-medium_large\" alt=\"\" srcset=\"https:\/\/www.kulturfuchs.at\/maerchenerzaehler\/wp-content\/uploads\/2025\/11\/mountain-and-lake-at-sunset-135157-768x512.jpg 768w, https:\/\/www.kulturfuchs.at\/maerchenerzaehler\/wp-content\/uploads\/2025\/11\/mountain-and-lake-at-sunset-135157-300x200.jpg 300w, https:\/\/www.kulturfuchs.at\/maerchenerzaehler\/wp-content\/uploads\/2025\/11\/mountain-and-lake-at-sunset-135157-1024x682.jpg 1024w, https:\/\/www.kulturfuchs.at\/maerchenerzaehler\/wp-content\/uploads\/2025\/11\/mountain-and-lake-at-sunset-135157.jpg 1280w\" sizes=\"(max-width: 768px) 100vw, 768px\" \/><\/a>\n\t\t\t<\/div><\/figure>\n\t\t<\/div>\n\t\t<\/div>\n\t\t\t\t\t\t<\/div>\n\t\t\t\t<\/div>\n\t\t\t\t<\/div>\n\t\t\t\t\t<\/div>\n\t\t\t\t<\/div>\n\t\t\t\t<\/div>\n\t\t","protected":false},"excerpt":{"rendered":"<p>Es war einmal &#8230; und es ist noch heute&#8230; m\u00e4rchenerz\u00e4hler Albin Heilsame M\u00e4rchen und Erz\u00e4hlkunst vom KulturFuchs Albin Angebote \u00dcber mich Heilsame M\u00e4rchen Nachtw\u00e4chter&#8217;sSagen und LegendenAbende Zweisprachige Geschichten ab Sommer 26 &#8222;Die Weisheit der M\u00e4rchen \u2013 Tiefer h\u00f6ren, Neues verstehen.&#8220; Ich erz\u00e4hle alte Volksm\u00e4rchen aus aller Welt \u2013 Geschichten, die seit Jahrhunderten durch M\u00fcndlichkeit weitergegeben [&hellip;]<\/p>\n","protected":false},"author":1,"featured_media":1277,"parent":0,"menu_order":0,"comment_status":"closed","ping_status":"closed","template":"","meta":{"site-sidebar-layout":"no-sidebar","site-content-layout":"page-builder","ast-site-content-layout":"full-width-container","site-content-style":"unboxed","site-sidebar-style":"unboxed","ast-global-header-display":"","ast-banner-title-visibility":"","ast-main-header-display":"","ast-hfb-above-header-display":"","ast-hfb-below-header-display":"","ast-hfb-mobile-header-display":"","site-post-title":"disabled","ast-breadcrumbs-content":"","ast-featured-img":"","footer-sml-layout":"","theme-transparent-header-meta":"enabled","adv-header-id-meta":"","stick-header-meta":"","header-above-stick-meta":"","header-main-stick-meta":"","header-below-stick-meta":"","astra-migrate-meta-layouts":"set","ast-page-background-enabled":"default","ast-page-background-meta":{"desktop":{"background-color":"","background-image":"","background-repeat":"repeat","background-position":"center center","background-size":"auto","background-attachment":"scroll","background-type":"","background-media":"","overlay-type":"","overlay-color":"","overlay-opacity":"","overlay-gradient":""},"tablet":{"background-color":"","background-image":"","background-repeat":"repeat","background-position":"center center","background-size":"auto","background-attachment":"scroll","background-type":"","background-media":"","overlay-type":"","overlay-color":"","overlay-opacity":"","overlay-gradient":""},"mobile":{"background-color":"","background-image":"","background-repeat":"repeat","background-position":"center center","background-size":"auto","background-attachment":"scroll","background-type":"","background-media":"","overlay-type":"","overlay-color":"","overlay-opacity":"","overlay-gradient":""}},"ast-content-background-meta":{"desktop":{"background-color":"var(--ast-global-color-5)","background-image":"","background-repeat":"repeat","background-position":"center center","background-size":"auto","background-attachment":"scroll","background-type":"","background-media":"","overlay-type":"","overlay-color":"","overlay-opacity":"","overlay-gradient":""},"tablet":{"background-color":"var(--ast-global-color-5)","background-image":"","background-repeat":"repeat","background-position":"center center","background-size":"auto","background-attachment":"scroll","background-type":"","background-media":"","overlay-type":"","overlay-color":"","overlay-opacity":"","overlay-gradient":""},"mobile":{"background-color":"var(--ast-global-color-5)","background-image":"","background-repeat":"repeat","background-position":"center center","background-size":"auto","background-attachment":"scroll","background-type":"","background-media":"","overlay-type":"","overlay-color":"","overlay-opacity":"","overlay-gradient":""}},"footnotes":""},"class_list":["post-213","page","type-page","status-publish","has-post-thumbnail","hentry"],"_links":{"self":[{"href":"https:\/\/www.kulturfuchs.at\/maerchenerzaehler\/wp-json\/wp\/v2\/pages\/213","targetHints":{"allow":["GET"]}}],"collection":[{"href":"https:\/\/www.kulturfuchs.at\/maerchenerzaehler\/wp-json\/wp\/v2\/pages"}],"about":[{"href":"https:\/\/www.kulturfuchs.at\/maerchenerzaehler\/wp-json\/wp\/v2\/types\/page"}],"author":[{"embeddable":true,"href":"https:\/\/www.kulturfuchs.at\/maerchenerzaehler\/wp-json\/wp\/v2\/users\/1"}],"replies":[{"embeddable":true,"href":"https:\/\/www.kulturfuchs.at\/maerchenerzaehler\/wp-json\/wp\/v2\/comments?post=213"}],"version-history":[{"count":13,"href":"https:\/\/www.kulturfuchs.at\/maerchenerzaehler\/wp-json\/wp\/v2\/pages\/213\/revisions"}],"predecessor-version":[{"id":1343,"href":"https:\/\/www.kulturfuchs.at\/maerchenerzaehler\/wp-json\/wp\/v2\/pages\/213\/revisions\/1343"}],"wp:featuredmedia":[{"embeddable":true,"href":"https:\/\/www.kulturfuchs.at\/maerchenerzaehler\/wp-json\/wp\/v2\/media\/1277"}],"wp:attachment":[{"href":"https:\/\/www.kulturfuchs.at\/maerchenerzaehler\/wp-json\/wp\/v2\/media?parent=213"}],"curies":[{"name":"wp","href":"https:\/\/api.w.org\/{rel}","templated":true}]}}