{"id":214,"date":"2025-11-12T08:00:17","date_gmt":"2025-11-12T07:00:17","guid":{"rendered":"https:\/\/www.kulturfuchs.at\/maerchenerzaehler\/?page_id=214"},"modified":"2025-11-12T11:03:20","modified_gmt":"2025-11-12T10:03:20","slug":"about","status":"publish","type":"page","link":"https:\/\/www.kulturfuchs.at\/maerchenerzaehler\/about\/","title":{"rendered":"About"},"content":{"rendered":"\t\t<div data-elementor-type=\"wp-page\" data-elementor-id=\"214\" class=\"elementor elementor-214\">\n\t\t\t\t<div class=\"elementor-element elementor-element-9010cd0 e-flex e-con-boxed e-con e-parent\" data-id=\"9010cd0\" data-element_type=\"container\" data-settings=\"{&quot;background_background&quot;:&quot;classic&quot;}\">\n\t\t\t\t\t<div class=\"e-con-inner\">\n\t\t<div class=\"elementor-element elementor-element-5a69cc7 e-con-full e-flex e-con e-child\" data-id=\"5a69cc7\" data-element_type=\"container\">\n\t\t\t\t<div class=\"elementor-element elementor-element-f184ec7 elementor-widget elementor-widget-heading\" data-id=\"f184ec7\" data-element_type=\"widget\" data-widget_type=\"heading.default\">\n\t\t\t\t<div class=\"elementor-widget-container\">\n\t\t\t\t\t<h1 class=\"elementor-heading-title elementor-size-default\">\u00fcber mich<\/h1>\t\t\t\t<\/div>\n\t\t\t\t<\/div>\n\t\t\t\t<\/div>\n\t\t\t\t\t<\/div>\n\t\t\t\t<\/div>\n\t\t<div class=\"elementor-element elementor-element-a529ccb e-flex e-con-boxed e-con e-parent\" data-id=\"a529ccb\" data-element_type=\"container\" data-settings=\"{&quot;background_background&quot;:&quot;classic&quot;}\">\n\t\t\t\t\t<div class=\"e-con-inner\">\n\t\t<div class=\"elementor-element elementor-element-83324c1 e-con-full e-flex e-con e-child\" data-id=\"83324c1\" data-element_type=\"container\">\n\t\t\t\t<div class=\"elementor-element elementor-element-45f990c elementor-widget elementor-widget-heading\" data-id=\"45f990c\" data-element_type=\"widget\" data-widget_type=\"heading.default\">\n\t\t\t\t<div class=\"elementor-widget-container\">\n\t\t\t\t\t<h2 class=\"elementor-heading-title elementor-size-default\">Geschichten-<br>erz\u00e4hler seit 2020<\/h2>\t\t\t\t<\/div>\n\t\t\t\t<\/div>\n\t\t\t\t<\/div>\n\t\t<div class=\"elementor-element elementor-element-c4f6020 e-con-full e-flex e-con e-child\" data-id=\"c4f6020\" data-element_type=\"container\">\n\t\t\t\t<div class=\"elementor-element elementor-element-7f646ff elementor-widget elementor-widget-text-editor\" data-id=\"7f646ff\" data-element_type=\"widget\" data-widget_type=\"text-editor.default\">\n\t\t\t\t<div class=\"elementor-widget-container\">\n\t\t\t\t\t\t\t\t\t<h2 data-start=\"255\" data-end=\"295\">\u201eEs war einmal \u2026 und ist noch heute.\u201c<\/h2><p data-start=\"297\" data-end=\"602\">Seit meiner Kindheit haben mich Geschichten begleitet \u2013 jene leisen Stimmen, die zwischen den Zeilen fl\u00fcstern und in den Herzen weiterleben.<br data-start=\"437\" data-end=\"440\" \/>Schon fr\u00fch sp\u00fcrte ich: M\u00e4rchen sind mehr als blo\u00dfe Erz\u00e4hlungen. Sie sind <strong data-start=\"513\" data-end=\"548\">Lebensweisheiten in Verkleidung<\/strong>, <strong data-start=\"550\" data-end=\"569\">heilsame Bilder<\/strong>, die uns erinnern, wer wir sind.<\/p><p data-start=\"604\" data-end=\"925\">Ich bin Albin, M\u00e4rchenerz\u00e4hler mit Leib und Seele.<br data-start=\"664\" data-end=\"667\" \/>Ich sammle, erforsche und erz\u00e4hle <strong data-start=\"701\" data-end=\"732\">Volksm\u00e4rchen aus aller Welt<\/strong> \u2013 Geschichten, die \u00fcber Jahrhunderte durch M\u00fcndlichkeit weitergegeben wurden.<br data-start=\"810\" data-end=\"813\" \/>In ihnen ruht das Wissen ganzer Generationen \u2013 \u00fcber das Leben, die Liebe, das Scheitern und das Wiederaufstehen.<\/p><hr data-start=\"927\" data-end=\"930\" \/><h2 data-start=\"932\" data-end=\"976\"><img decoding=\"async\" class=\"\" role=\"img\" draggable=\"false\" src=\"https:\/\/s.w.org\/images\/core\/emoji\/16.0.1\/svg\/1f30d.svg\" alt=\"\ud83c\udf0d\" width=\"31\" height=\"31\" \/> Geschichten, die Grenzen \u00fcberschreiten<\/h2><p data-start=\"978\" data-end=\"1234\">Meine Erz\u00e4hlreisen f\u00fchren mich durch L\u00e4nder und Kulturen: von den stillen T\u00e4lern Rum\u00e4niens \u00fcber die W\u00e4lder Sloweniens bis zu den Ebenen Ungarns.<br data-start=\"1122\" data-end=\"1125\" \/>Ich erz\u00e4hle mit Partnern aus anderen L\u00e4ndern auch <strong data-start=\"1137\" data-end=\"1162\">zweisprachige M\u00e4rchen<\/strong>, bei denen der Klang einer fremden Sprache selbst zur Botschaft wird.<\/p><p data-start=\"1236\" data-end=\"1441\">Oft verstehen die Zuh\u00f6rer den fremdsprachigen Teil nicht w\u00f6rtlich \u2013 und doch <strong data-start=\"1313\" data-end=\"1344\">verstehen sie ihn im Herzen<\/strong>.<br data-start=\"1345\" data-end=\"1348\" \/>Denn M\u00e4rchen sprechen eine universelle Sprache: die der Bilder, der Seele und der Empfindung.<\/p><p data-start=\"1443\" data-end=\"1660\">Diese Form des Erz\u00e4hlens f\u00f6rdert das Zuh\u00f6ren, das F\u00fchlen, das Vertrauen in das Unausgesprochene \u2013 und damit auch das <strong data-start=\"1560\" data-end=\"1583\">p\u00e4dagogische Lernen<\/strong>.<br data-start=\"1584\" data-end=\"1587\" \/>Kinder (und Erwachsene!) erleben, dass Verstehen mehr bedeutet als Worte.<\/p><hr data-start=\"1662\" data-end=\"1665\" \/><h2 data-start=\"1667\" data-end=\"1694\"><img decoding=\"async\" class=\"\" role=\"img\" draggable=\"false\" src=\"https:\/\/s.w.org\/images\/core\/emoji\/16.0.1\/svg\/1f4ab.svg\" alt=\"\ud83d\udcab\" width=\"39\" height=\"39\" \/> Das Heilsame Erz\u00e4hlen<\/h2><p data-start=\"1696\" data-end=\"2010\">F\u00fcr mich ist Erz\u00e4hlen ein <strong data-start=\"1722\" data-end=\"1739\">heilsamer Akt<\/strong>.<br data-start=\"1740\" data-end=\"1743\" \/>Ein gutes M\u00e4rchen ber\u00fchrt dort, wo Worte sonst nicht hinkommen \u2013 <strong>tief im Inneren.<\/strong><br data-start=\"1824\" data-end=\"1827\" \/>Wenn ich erz\u00e4hle, \u00f6ffnet sich ein Raum, in dem Stille, Klang und Bedeutung miteinander tanzen.<br data-start=\"1921\" data-end=\"1924\" \/>In diesem Raum darf etwas Altes heilen, etwas Neues erwachen, und das Herz darf atmen.<\/p><p data-start=\"2012\" data-end=\"2056\">Das <strong data-start=\"2016\" data-end=\"2037\">Heilsame Erz\u00e4hlen<\/strong> bedeutet f\u00fcr mich:<\/p><ul data-start=\"2057\" data-end=\"2227\"><li data-start=\"2057\" data-end=\"2127\"><p data-start=\"2059\" data-end=\"2127\">den Menschen \u00fcber Geschichten wieder mit sich selbst zu verbinden,<\/p><\/li><li data-start=\"2128\" data-end=\"2176\"><p data-start=\"2130\" data-end=\"2176\">innere Bilder zu wecken, die Kraft schenken,<\/p><\/li><li data-start=\"2177\" data-end=\"2227\"><p data-start=\"2179\" data-end=\"2227\">und das Zuh\u00f6ren als Weg nach innen zu begreifen.<\/p><\/li><\/ul><hr data-start=\"2229\" data-end=\"2232\" \/><h2 data-start=\"2234\" data-end=\"2256\"><img decoding=\"async\" class=\"\" role=\"img\" draggable=\"false\" src=\"https:\/\/s.w.org\/images\/core\/emoji\/16.0.1\/svg\/2728.svg\" alt=\"\u2728\" width=\"37\" height=\"37\" \/> Warum ich erz\u00e4hle<\/h2><p data-start=\"2258\" data-end=\"2525\">Ich erz\u00e4hle, weil ich glaube,<br data-start=\"2287\" data-end=\"2290\" \/>dass M\u00e4rchen <strong data-start=\"2303\" data-end=\"2342\">medizinische Pflanzen f\u00fcr die Seele<\/strong> sind.<br data-start=\"2348\" data-end=\"2351\" \/>Sie erinnern uns an Hoffnung, Mut und Vertrauen \u2013 gerade dann, wenn das Leben schwer ist.<br data-start=\"2440\" data-end=\"2443\" \/>In jeder Geschichte steckt ein Funke Heilung, wenn wir bereit sind, ihm zuzuh\u00f6ren.<\/p><p data-start=\"2527\" data-end=\"2699\">Ich erz\u00e4hle, um <strong data-start=\"2543\" data-end=\"2563\">Br\u00fccken zu bauen<\/strong> \u2013 zwischen Sprachen, Kulturen und Herzen.<br data-start=\"2605\" data-end=\"2608\" \/>Und ich erz\u00e4hle, um die alten Geschichten lebendig zu halten,<br data-start=\"2669\" data-end=\"2672\" \/>denn sie geh\u00f6ren uns allen.<\/p><hr data-start=\"2701\" data-end=\"2704\" \/><h2 data-start=\"2706\" data-end=\"2753\"><img decoding=\"async\" class=\"emoji\" role=\"img\" draggable=\"false\" src=\"https:\/\/s.w.org\/images\/core\/emoji\/16.0.1\/svg\/1f56f.svg\" alt=\"\ud83d\udd6f\ufe0f\" \/> \u201eJedes M\u00e4rchen ist ein Licht im Dunkel.\u201c<\/h2><p data-start=\"2755\" data-end=\"2910\">Ich lade Sie ein, mit mir auf diese Reise zu gehen \u2013<br data-start=\"2807\" data-end=\"2810\" \/>durch das Land der Worte, der Kl\u00e4nge und der Wunder.<br data-start=\"2862\" data-end=\"2865\" \/>Lauschen Sie, tr\u00e4umen Sie, erinnern Sie sich.<\/p><blockquote data-start=\"2912\" data-end=\"2992\"><p data-start=\"2914\" data-end=\"2992\">\u201eDenn wer zuh\u00f6rt, findet mehr als nur Geschichten.<br data-start=\"2964\" data-end=\"2967\" \/>Er findet sich selbst.\u201c<\/p><\/blockquote>\t\t\t\t\t\t\t\t<\/div>\n\t\t\t\t<\/div>\n\t\t\t\t<div class=\"elementor-element elementor-element-56b5d2d elementor-widget elementor-widget-text-editor\" data-id=\"56b5d2d\" data-element_type=\"widget\" data-widget_type=\"text-editor.default\">\n\t\t\t\t<div class=\"elementor-widget-container\">\n\t\t\t\t\t\t\t\t\t<p>Ich freue mich sch\u00f6ne und spannende Geschichten mit euch!<\/p>\t\t\t\t\t\t\t\t<\/div>\n\t\t\t\t<\/div>\n\t\t\t\t<div class=\"elementor-element elementor-element-5fe168e elementor-widget elementor-widget-heading\" data-id=\"5fe168e\" data-element_type=\"widget\" data-widget_type=\"heading.default\">\n\t\t\t\t<div class=\"elementor-widget-container\">\n\t\t\t\t\t<h3 class=\"elementor-heading-title elementor-size-medium\">Euer KulturFuchs Albin<\/h3>\t\t\t\t<\/div>\n\t\t\t\t<\/div>\n\t\t\t\t<\/div>\n\t\t\t\t\t<\/div>\n\t\t\t\t<\/div>\n\t\t\t\t<\/div>\n\t\t","protected":false},"excerpt":{"rendered":"<p>\u00fcber mich Geschichten-erz\u00e4hler seit 2020 \u201eEs war einmal \u2026 und ist noch heute.\u201c Seit meiner Kindheit haben mich Geschichten begleitet \u2013 jene leisen Stimmen, die zwischen den Zeilen fl\u00fcstern und in den Herzen weiterleben.Schon fr\u00fch sp\u00fcrte ich: M\u00e4rchen sind mehr als blo\u00dfe Erz\u00e4hlungen. Sie sind Lebensweisheiten in Verkleidung, heilsame Bilder, die uns erinnern, wer wir [&hellip;]<\/p>\n","protected":false},"author":1,"featured_media":0,"parent":0,"menu_order":0,"comment_status":"closed","ping_status":"closed","template":"","meta":{"site-sidebar-layout":"no-sidebar","site-content-layout":"page-builder","ast-site-content-layout":"full-width-container","site-content-style":"unboxed","site-sidebar-style":"unboxed","ast-global-header-display":"","ast-banner-title-visibility":"","ast-main-header-display":"","ast-hfb-above-header-display":"","ast-hfb-below-header-display":"","ast-hfb-mobile-header-display":"","site-post-title":"disabled","ast-breadcrumbs-content":"","ast-featured-img":"","footer-sml-layout":"","theme-transparent-header-meta":"enabled","adv-header-id-meta":"","stick-header-meta":"","header-above-stick-meta":"","header-main-stick-meta":"","header-below-stick-meta":"","astra-migrate-meta-layouts":"set","ast-page-background-enabled":"default","ast-page-background-meta":{"desktop":{"background-color":"","background-image":"","background-repeat":"repeat","background-position":"center center","background-size":"auto","background-attachment":"scroll","background-type":"","background-media":"","overlay-type":"","overlay-color":"","overlay-opacity":"","overlay-gradient":""},"tablet":{"background-color":"","background-image":"","background-repeat":"repeat","background-position":"center center","background-size":"auto","background-attachment":"scroll","background-type":"","background-media":"","overlay-type":"","overlay-color":"","overlay-opacity":"","overlay-gradient":""},"mobile":{"background-color":"","background-image":"","background-repeat":"repeat","background-position":"center center","background-size":"auto","background-attachment":"scroll","background-type":"","background-media":"","overlay-type":"","overlay-color":"","overlay-opacity":"","overlay-gradient":""}},"ast-content-background-meta":{"desktop":{"background-color":"var(--ast-global-color-5)","background-image":"","background-repeat":"repeat","background-position":"center center","background-size":"auto","background-attachment":"scroll","background-type":"","background-media":"","overlay-type":"","overlay-color":"","overlay-opacity":"","overlay-gradient":""},"tablet":{"background-color":"var(--ast-global-color-5)","background-image":"","background-repeat":"repeat","background-position":"center center","background-size":"auto","background-attachment":"scroll","background-type":"","background-media":"","overlay-type":"","overlay-color":"","overlay-opacity":"","overlay-gradient":""},"mobile":{"background-color":"var(--ast-global-color-5)","background-image":"","background-repeat":"repeat","background-position":"center center","background-size":"auto","background-attachment":"scroll","background-type":"","background-media":"","overlay-type":"","overlay-color":"","overlay-opacity":"","overlay-gradient":""}},"footnotes":""},"class_list":["post-214","page","type-page","status-publish","hentry"],"_links":{"self":[{"href":"https:\/\/www.kulturfuchs.at\/maerchenerzaehler\/wp-json\/wp\/v2\/pages\/214","targetHints":{"allow":["GET"]}}],"collection":[{"href":"https:\/\/www.kulturfuchs.at\/maerchenerzaehler\/wp-json\/wp\/v2\/pages"}],"about":[{"href":"https:\/\/www.kulturfuchs.at\/maerchenerzaehler\/wp-json\/wp\/v2\/types\/page"}],"author":[{"embeddable":true,"href":"https:\/\/www.kulturfuchs.at\/maerchenerzaehler\/wp-json\/wp\/v2\/users\/1"}],"replies":[{"embeddable":true,"href":"https:\/\/www.kulturfuchs.at\/maerchenerzaehler\/wp-json\/wp\/v2\/comments?post=214"}],"version-history":[{"count":7,"href":"https:\/\/www.kulturfuchs.at\/maerchenerzaehler\/wp-json\/wp\/v2\/pages\/214\/revisions"}],"predecessor-version":[{"id":1337,"href":"https:\/\/www.kulturfuchs.at\/maerchenerzaehler\/wp-json\/wp\/v2\/pages\/214\/revisions\/1337"}],"wp:attachment":[{"href":"https:\/\/www.kulturfuchs.at\/maerchenerzaehler\/wp-json\/wp\/v2\/media?parent=214"}],"curies":[{"name":"wp","href":"https:\/\/api.w.org\/{rel}","templated":true}]}}